{"id":121,"date":"2017-11-06T14:23:06","date_gmt":"2017-11-06T07:23:06","guid":{"rendered":"http:\/\/emesco.thanhhoanews.net\/?page_id=121"},"modified":"2017-11-06T14:23:06","modified_gmt":"2017-11-06T07:23:06","slug":"gioi-thieu","status":"publish","type":"page","link":"https:\/\/c343-emesco.com-vn.net\/?page_id=121","title":{"rendered":"Gi\u1edbi thi\u1ec7u"},"content":{"rendered":"<h2><strong>Gi\u1edbi thi\u1ec7u v\u1ec1 c\u00f4ng ty<\/strong><\/h2>\n<blockquote><p>Tr\u1ea3i qua m\u1ed9t th\u1eddi gian d\u00e0i 4 n\u0103m raothue \u0111\u01b0\u1ee3c bi\u1ebft \u0111\u1ebfn l\u00e0 1 nh\u00f3m t\u1ef1 ph\u00e1t l\u00e0m vi\u1ec7c \u0111am m\u00ea, nhi\u1ec7t huy\u1ebft v\u1ec1\u00a0qu\u1ea3ng c\u00e1o\u00a0tr\u00ean internet<br \/>\nTh\u00e1ng 11 n\u0103m 2011\u00a0 raothue \u0111\u00e3 ch\u00ednh th\u1ee9c \u0111i v\u00e0o m\u00f4 h\u00ecnh ho\u1ea1t \u0111\u1ed9ng c\u00f4ng ty<\/p><\/blockquote>\n<h3><strong>C\u00f4ng ty truy\u1ec1n th\u00f4ng v\u00e0 c\u00f4ng ngh\u1ec7 raothue v\u1edbi nh\u1eefng ch\u1ee9c n\u0103ng ch\u00ednh :<\/strong><\/h3>\n<blockquote><p>-Nghi\u00ean c\u1ee9u v\u00e0 th\u1ef1c hi\u1ec7n\u00a0qu\u1ea3ng c\u00e1o\u00a0tr\u00ean internet<br \/>\n-\u0110\u01b0a ra c\u00e1c gi\u1ea3i ph\u00e1t gi\u00fap kh\u00e1ch h\u00e0ng ph\u00e1t tri\u1ec3n m\u1ea3ng\u00a0marketing\u00a0online<br \/>\n-Cung c\u1ea5p c\u00e1c gi\u1ea3i ph\u00e1p l\u01b0u tr\u1eef d\u1eef li\u1ec7u, thi\u1ebft k\u1ebf\u00a0website, t\u1ed1i \u01b0u website v\u1edbi ng\u01b0\u1eddi d\u00f9ng<\/p><\/blockquote>\n<h3><strong>S\u1ee9 m\u1ec7nh c\u1ee7a raothue<\/strong><\/h3>\n<blockquote><p>Gi\u00fap m\u00ecnh, gi\u00fap ng\u01b0\u1eddi xung quanh m\u00ecnh, gi\u00fap x\u00e3 h\u1ed9i<br \/>\nK\u1ebf th\u1eeba, khai th\u00e1c, ph\u00e1t tri\u1ec3n\u00a0 tri th\u1ee9c, truy\u1ec1n c\u1ea3m h\u1ee9ng cho c\u00e1c th\u1ebf h\u1ec7 sau<\/p><\/blockquote>\n<h3><strong>Gi\u00fap m\u00ecnh<\/strong><\/h3>\n<blockquote><p>Vi\u1ec7c \u0111\u1ea7u ti\u00ean ch\u00fang ta ph\u1ea3i t\u1ef1 nu\u00f4i s\u1ed1ng \u0111\u01b0\u1ee3c m\u00ecnh kh\u00f4ng \u0111\u01b0\u1ee3c l\u00e0m g\u00e1nh n\u1eb7ng cho ng\u01b0\u1eddi th\u00e2n xung quanh.<\/p><\/blockquote>\n<h3><strong>Gi\u00fap ng\u01b0\u1eddi xung quanh m\u00ecnh<\/strong><\/h3>\n<blockquote><p>Ti\u1ebfp t\u1edbi \u0111\u00f3 l\u00e0 mang ni\u1ec1m vui, s\u1ef1 th\u1ecfa m\u00e3n ph\u1ea7n n\u00e0o t\u1edbi nh\u1eefng ng\u01b0\u1eddi xung quanh<\/p><\/blockquote>\n<h3><strong>Gi\u00fap x\u00e3 h\u1ed9i<\/strong><\/h3>\n<blockquote><p>Kh\u00f4ng \u0111\u01b0\u1ee3c n\u1ea3n tr\u00ed, b\u1ecf cu\u1ed9c tr\u1eeb khi ch\u1ebft, n\u1ebfu ch\u1ebft h\u00e3y truy\u1ec1n l\u1ea1i l\u1eeda nhi\u1ec7t huy\u1ebft cho nh\u1eefng ng\u01b0\u1eddi k\u1ebf c\u1eadn. Ch\u00fang ta s\u1ebd s\u1ed1ng h\u1ebft m\u00ecnh n\u1ebfu c\u00f3 th\u1ec3 h\u00e3y gi\u00fap nhi\u1ec1u ng\u01b0\u1eddi nh\u1ea5t<\/p><\/blockquote>\n<h3><strong>Con ng\u01b0\u1eddi raothue<\/strong><\/h3>\n<blockquote><p>\u0110\u01b0\u1ee3c s\u00e0n l\u1ecdc, tuy\u1ec3n ch\u1ecdn t\u1eeb nh\u1eefng ng\u01b0\u1eddi nhi\u1ec7t huy\u1ebft, \u0111am m\u00ea nh\u1ea5t<br \/>\nKh\u00f4ng ng\u1eebng \u0111\u01b0\u1ee3c \u0111\u00e0o t\u1ea1o v\u00e0 ph\u1ea3i h\u1ecdc h\u1ecfi \u0111\u1ec3 lu\u00f4n b\u00e1m s\u00e1t ho\u1eb7c l\u00e0 nh\u1eefng ng\u01b0\u1eddi khai s\u00e1ng\u00a0 tr\u00ed th\u1ee9c .<\/p><\/blockquote>\n<p><strong>+ C\u00f3 tinh th\u1ea7n \u0111\u1ed3ng \u0111\u1ed9i s\u1eb5n s\u00e0ng hy sinh l\u1ee3i \u00edch c\u00e1 nh\u00e2n cho t\u1eadp th\u1ec3<\/strong><br \/>\n<strong>+ Lu\u00f4n b\u00ean b\u1ec9 v\u00e0 chai l\u1ef3 v\u1edbi th\u1ea5t b\u1ea1i kh\u00f3 kh\u0103n<\/strong><br \/>\n<strong>+ C\u00f4ng hi\u1ebfn h\u1ebft m\u00ecnh nh\u01b0ng v\u1eabn d\u00e0nh th\u1eddi gian cho nh\u1eefng ng\u01b0\u1eddi th\u00e2n y\u00eau<\/strong><br \/>\n<strong>+ kh\u00f4ng th\u1ecfa m\u00e3n v\u1edbi nh\u1eefng s\u1ea3n ph\u1ea9m m\u00ecnh \u0111\u00e3 t\u1ea1o ra ( c\u1ea7n ph\u1ea3i lu\u00f4n t\u1ed1t h\u01a1n n\u1eefa )<\/strong><\/p>\n","protected":false},"excerpt":{"rendered":"<p>Gi\u1edbi thi\u1ec7u v\u1ec1 c\u00f4ng ty Tr\u1ea3i qua m\u1ed9t th\u1eddi gian d\u00e0i 4 n\u0103m raothue \u0111\u01b0\u1ee3c bi\u1ebft \u0111\u1ebfn l\u00e0 1 nh\u00f3m &hellip; <a class=\"link-more\" href=\"https:\/\/c343-emesco.com-vn.net\/?page_id=121\" class=\"more-link\">\u0110\u1ecdc th\u00eam &raquo;<span class=\"screen-reader-text\"> &#8220;Gi\u1edbi thi\u1ec7u&#8221;<\/span><\/a><\/p>\n","protected":false},"author":1,"featured_media":0,"parent":0,"menu_order":0,"comment_status":"closed","ping_status":"closed","template":"","meta":[],"_links":{"self":[{"href":"https:\/\/c343-emesco.com-vn.net\/index.php?rest_route=\/wp\/v2\/pages\/121"}],"collection":[{"href":"https:\/\/c343-emesco.com-vn.net\/index.php?rest_route=\/wp\/v2\/pages"}],"about":[{"href":"https:\/\/c343-emesco.com-vn.net\/index.php?rest_route=\/wp\/v2\/types\/page"}],"author":[{"embeddable":true,"href":"https:\/\/c343-emesco.com-vn.net\/index.php?rest_route=\/wp\/v2\/users\/1"}],"replies":[{"embeddable":true,"href":"https:\/\/c343-emesco.com-vn.net\/index.php?rest_route=%2Fwp%2Fv2%2Fcomments&post=121"}],"version-history":[{"count":1,"href":"https:\/\/c343-emesco.com-vn.net\/index.php?rest_route=\/wp\/v2\/pages\/121\/revisions"}],"predecessor-version":[{"id":122,"href":"https:\/\/c343-emesco.com-vn.net\/index.php?rest_route=\/wp\/v2\/pages\/121\/revisions\/122"}],"wp:attachment":[{"href":"https:\/\/c343-emesco.com-vn.net\/index.php?rest_route=%2Fwp%2Fv2%2Fmedia&parent=121"}],"curies":[{"name":"wp","href":"https:\/\/api.w.org\/{rel}","templated":true}]}}