{"id":15,"date":"2017-06-15T06:35:55","date_gmt":"2017-06-15T06:35:55","guid":{"rendered":"http:\/\/raothue.ddns.net\/demo\/rt-core\/?page_id=15"},"modified":"2018-04-13T03:10:42","modified_gmt":"2018-04-12T20:10:42","slug":"lien-he","status":"publish","type":"page","link":"https:\/\/c343-emesco.com-vn.net\/?page_id=15","title":{"rendered":"Li\u00ean h\u1ec7"},"content":{"rendered":"<h5>TH\u00d4NG TIN V\u1ec0 CH\u00daNG T\u00d4I<\/h5>\n<p><i class=\"fa fa-home\"><\/i> C\u00f4ng ty c\u1ed5 ph\u1ea7n Thi\u1ebft b\u1ecb Ph\u1ee5 t\u00f9ng C\u01a1 \u0111i\u1ec7n N\u00f4ng nghi\u1ec7p Emesco JSC<\/p>\n<p><i class=\"fa fa-map-marker\"><\/i>\u00a0\u0110\u1ecba ch\u1ec9: 56\/102 Tr\u01b0\u1eddng Chinh \u2013 \u0110\u1ed1ng \u0110a \u2013 H\u00e0 N\u1ed9i<\/p>\n<p><i class=\"fa fa-phone-square\"><\/i>\u00a0\u0110i\u1ec7n tho\u1ea1i : (04).3 869.3881 Fax: (04). 3868.9682\u00a0<i class=\"fa fa-phone\"><\/i><\/p>\n<p><i class=\"fa fa-envelope-o\"><\/i>\u00a0Email : emesco@vnn.vn<\/p>\n<p><i class=\"fa fa-globe\"><\/i>\u00a0Website : www.emesco.com<\/p>\n","protected":false},"excerpt":{"rendered":"<p>TH\u00d4NG TIN V\u1ec0 CH\u00daNG T\u00d4I C\u00f4ng ty c\u1ed5 ph\u1ea7n Thi\u1ebft b\u1ecb Ph\u1ee5 t\u00f9ng C\u01a1 \u0111i\u1ec7n N\u00f4ng nghi\u1ec7p Emesco JSC \u00a0\u0110\u1ecba &hellip; <a class=\"link-more\" href=\"https:\/\/c343-emesco.com-vn.net\/?page_id=15\" class=\"more-link\">\u0110\u1ecdc th\u00eam &raquo;<span class=\"screen-reader-text\"> &#8220;Li\u00ean h\u1ec7&#8221;<\/span><\/a><\/p>\n","protected":false},"author":1,"featured_media":0,"parent":0,"menu_order":0,"comment_status":"closed","ping_status":"closed","template":"rt-contact.php","meta":[],"_links":{"self":[{"href":"https:\/\/c343-emesco.com-vn.net\/index.php?rest_route=\/wp\/v2\/pages\/15"}],"collection":[{"href":"https:\/\/c343-emesco.com-vn.net\/index.php?rest_route=\/wp\/v2\/pages"}],"about":[{"href":"https:\/\/c343-emesco.com-vn.net\/index.php?rest_route=\/wp\/v2\/types\/page"}],"author":[{"embeddable":true,"href":"https:\/\/c343-emesco.com-vn.net\/index.php?rest_route=\/wp\/v2\/users\/1"}],"replies":[{"embeddable":true,"href":"https:\/\/c343-emesco.com-vn.net\/index.php?rest_route=%2Fwp%2Fv2%2Fcomments&post=15"}],"version-history":[{"count":1,"href":"https:\/\/c343-emesco.com-vn.net\/index.php?rest_route=\/wp\/v2\/pages\/15\/revisions"}],"predecessor-version":[{"id":211,"href":"https:\/\/c343-emesco.com-vn.net\/index.php?rest_route=\/wp\/v2\/pages\/15\/revisions\/211"}],"wp:attachment":[{"href":"https:\/\/c343-emesco.com-vn.net\/index.php?rest_route=%2Fwp%2Fv2%2Fmedia&parent=15"}],"curies":[{"name":"wp","href":"https:\/\/api.w.org\/{rel}","templated":true}]}}